late the highest common factor of 64 and u.
8
Let k(r) = r**2 + 6*r + 1. Let l be k(-6). What is the highest common factor of l and 2?
1
Let i(j) = -2*j - 4. Let k be i(-5). Suppose 0 = -2*q + 10 + k. Let z be ((-2)/(-3))/((-6)/(-9)). What is the highest common factor of z and q?
1
Let v(n) = -n**3 - 10*n**2 - 2*n + 8. Let j be (-16)/(-40) - (-52)/(-5). Let a be v(j). What is the highest common divisor of a and 14?
14
Suppose -88 = 170*d - 172*d. What is the greatest common factor of d and 4?
4
Suppose 0 = -2*a + a + 16. Let f(t) = -2*t + 6. Let k be f(-5). Calculate the greatest common factor of k and a.
16
Let r be 21/9 + (-1)/3. Suppose 2*h - 4 = -r*t, 3*t - h + 4 = h. Suppose -96 = -2*q - t*q. What is the greatest common divisor of q and 12?
12
Let j = 7 + 14. Calculate the greatest common factor of j and 14.
7
Let i(a) = 5*a + 1. Let r be i(2). What is the highest common divisor of 99 and r?
11
Suppose -6*m - 10 = -7*m. Let j(z) = 3*z - 11. Let h be j(m). What is the highest common divisor of 57 and h?
19
Let s(x) = 4*x - 12. Let d be s(6). Calculate the greatest common divisor of d and 12.
12
Let v be (-189)/(-11) + 10/(-55). Calculate the greatest common divisor of v and 136.
17
Suppose 2*c - 2 = 18. Let r be c/6*(0 + 3). Calculate the highest common factor of r and 55.
5
Let q be (-1104)/36 + 4/6. Let n be (-20)/q - (-646)/3. Calculate the greatest common divisor of 24 and n.
24
Let g(n) = -n**3 - 11*n**2 - 10*n + 6. Let l be g(-10). Calculate the highest common factor of 48 and l.
6
Suppose -4 = 4*f - 7*k + 3*k, 3*f + 2*k = 12. Suppose -2*y = y - 24. What is the highest common divisor of f and y?
2
Suppose a + 0*a - 216 = 0. Suppose -3*g + 28 = 5*c - 33, -2*g + 5*c = -74. What is the highest common divisor of g and a?
27
Let a be 2/(-5) + (-584)/(-10). Let o = -13 + a. Let r be 124/7 + (-4)/(-14). What is the greatest common divisor of o and r?
9
Suppose 3*n + 2*y + 590 = 7*n, -3*n - 3*y + 420 = 0. What is the greatest common divisor of n and 29?
29
Let k be (-422)/(-4) - (1 - (-4)/(-8)). What is the highest common divisor of 21 and k?
21
Let p(j) = 15*j**2. Let m be p(4). Let b(w) = -w**3 - 10*w**2 - 9*w. Let x be b(-9). Suppose 3*q - m = -x*q. Calculate the highest common factor of 10 and q.
10
Suppose 33 = 4*o - o. Calculate the greatest common divisor of 11 and o.
11
Suppose -2*j + 11 = w, 2*w - w + 38 = 5*j. What is the greatest common factor of j and 63?
7
Suppose 0 = -i - 6 + 11. Suppose 0 = 3*a - 2*t - 0*t - 27, -i*a + 2*t + 45 = 0. What is the highest common factor of 45 and a?
9
Let t be 6/(-24) - (-42)/8. Let p(z) = z + 1. Let q be p(t). Suppose 14 = -g - m + q*m, -g + m + 6 = 0. Calculate the greatest common factor of 77 and g.
11
Suppose c - 6 = -c. Suppose c*m - 61 = -13. Calculate the highest common factor of m and 16.
16
Let t(q) = -2*q**2 - 14*q - 5. Let d be t(-7). Let o(k) = k**2 + 3*k + 9. Let a be o(d). Calculate the highest common factor of a and 95.
19
Let f = -15 - -19. Calculate the greatest common divisor of f and 16.
4
Let i be 390/8 + 2/8. Let r = -4 + i. Calculate the greatest common divisor of 18 and r.
9
Let y = -58 + 85. What is the greatest common divisor of 3 and y?
3
Suppose 0*r = -3*r + 3*p + 240, 4*r - 288 = -4*p. Calculate the greatest common factor of 19 and r.
19
Let a be (3/2)/(12/16). Calculate the greatest common factor of a and 4.
2
Suppose -j + 20 = 3*f, 6*j - 3*j + 5*f - 76 = 0. Let z be (j/6)/(3/9). What is the highest common divisor of z and 2?
2
Let f = 4 + 7. What is the highest common divisor of f and 11?
11
Let m be 6/(-10)*(-10)/1. What is the greatest common factor of m and 12?
6
Suppose 5 = -3*r - 2*r + 4*q, 4*q - 17 = r. What is the highest common divisor of 51 and r?
3
Let b be 24/18*18/4. Let k be (-10)/8*(-48)/b. Calculate the greatest common factor of k and 90.
10
Suppose 3*l + 96 = 3*a, -4*l + 29 = 3*a - 39. Calculate the greatest common factor of a and 14.
14
Suppose -3*q - 12 = -3. Let r = 0 - q. What is the highest common factor of r and 9?
3
Suppose 4*l - 1406 = 650. Suppose -4*p + 134 = -l. Calculate the highest common factor of p and 18.
18
Let u be (-6)/15*(0 - 5). Suppose u*r = -3*r. Suppose 2*q - 3*o - 2*o - 22 = r, -3*q + 2*o = -22. Calculate the greatest common factor of 4 and q.
2
Suppose -q - 4 = -7. Suppose 0 = -g + q. Let w be (-265)/(-15) - (-1)/g. What is the greatest common factor of 72 and w?
18
Let j(t) be the second derivative of t**2 + 2/3*t**4 + 0 - t - 1/6*t**3. Let g be j(2). Calculate the greatest common divisor of g and 8.
8
Let p be 0 + 5 + (-6)/(-3). Let o be (-66)/(-14) + 2/p. Suppose o*g = -4*r + 112, 4*r + 125 = 5*g - 3. What is the greatest common divisor of g and 8?
8
Let h = 1 + 17. Calculate the highest common factor of 3 and h.
3
Let m = 120 + -66. Calculate the highest common divisor of 6 and m.
6
Let d be (100/30)/(6/9). Calculate the greatest common factor of d and 5.
5
Suppose -3*w = 4*u - 2*u - 57, 5*w + 25 = 0. Calculate the greatest common factor of 60 and u.
12
Let c be (6*3/6)/1. Let q = c + 0. Let a be ((-3)/(-4))/(1/8). What is the greatest common factor of q and a?
3
Let l = 3 - 1. Suppose l*k - k - 7 = -u, 0 = -5*k - 5. What is the highest common divisor of u and 72?
8
Let h = -7 + 8. Let x = 137 - 86. Let b = x - h. Calculate the greatest common factor of 10 and b.
10
Suppose -2*r - r = -27. Suppose -4*w + 3*v + 155 = -100, 0 = -3*v + r. Let y = -9 + 15. What is the greatest common factor of w and y?
6
Let m(z) = -z**3 - 4*z**2 + 6*z - 6. Let a be m(-5). Let k = -9 - -26. Let n = a + k. Calculate the greatest common divisor of 2 and n.
2
Let v be 60/9*(-4)/((-8)/45). Calculate the highest common factor of 60 and v.
30
Suppose 0*a + 15 = 3*a. Suppose -33 = -a*j + 22. What is the greatest common factor of 121 and j?
11
Let h be (-88)/(-9) - 4/(-18). Suppose -3*r + 22 = h. Suppose 5*q - 20 = -0*q. Calculate the greatest common factor of q and r.
4
Let w = -13 - -17. Let y be -1 - (-2 + w)*-60. What is the greatest common factor of 17 and y?
17
Let v be (-12)/(-54) + 70/9. Let u be 22/6 + (-2)/3. Suppose -5*p - t = -p - 3, 5*p - 25 = u*t. Calculate the greatest common factor of v and p.
2
Suppose -z = -0*z - 73. Let o = z + 34. Let k be o + -3*(-2)/6. Calculate the highest common divisor of 12 and k.
12
Let f(u) = u - 1. Let b be f(7). What is the highest common divisor of b and 24?
6
Let s be 3/((-9)/(-3)) + 2. Suppose -60 = s*x - 150. Calculate the greatest common factor of x and 15.
15
Suppose 4*y = -228 + 948. Calculate the highest common divisor of y and 20.
20
Suppose -9 = -3*j - 0*j. Suppose 4*y = b - 7, 4*b = y + 7 + 6. Let k = y + j. Calculate the greatest common divisor of 8 and k.
2
Let r be 8520/(-16)*(-2)/3. Suppose r = 5*s + 35. What is the highest common divisor of 8 and s?
8
Let j = 22 - 17. Calculate the greatest common factor of 45 and j.
5
Let m(i) = i**3 - 6*i**2 - 7*i + 5. Let p be m(7). Suppose -5*w + p*y + 72 = y, 38 = 2*w + 3*y. What is the greatest common divisor of w and 128?
16
Let j = -152 + 232. Suppose -2*z = 4*m - 44, -5*m + 57 = 3*z - 2*m. What is the highest common factor of j and z?
16
Let q(f) = f**2 + f + 7. Suppose -5*b = -5*h - 55, h + 27 = 2*b + b. Let u be q(b). Suppose u = -2*n + 255. What is the greatest common factor of 8 and n?
8
Suppose -14*m + 7*m + 203 = 0. What is the highest common divisor of 29 and m?
29
Let l = 109 - 103. Calculate the highest common divisor of 42 and l.
6
Let t be (-146)/(-9) + (-5 - 215/(-45)). Calculate the highest common factor of t and 128.
16
Let j be (-18)/10*380/(-12). Calculate the highest common factor of 3 and j.
3
Let p(q) = q**2 + q + 1. Let c be p(-2). Let h(k) = -20*k + 6*k - 13*k. Let o be h(-1). What is the greatest common divisor of c and o?
3
Let l be (3 + -6)/(-3) + 16. What is the highest common factor of 187 and l?
17
Let n = -50 + 54. Calculate the highest common factor of 4 and n.
4
Suppose 0 = -13*m + 16*m - 15. What is the highest common divisor of m and 1?
1
Suppose 0 = -t - 0*t + 462. Suppose -2*c = c - t. Calculate the greatest common factor of 14 and c.
14
Suppose -6*a + 4*a - 2*m = -4, 25 = 2*a - 5*m. Suppose -10 = a*i, -5*c - 5*i = -2*c - 8. Let b = 14 + 40. What is the greatest common divisor of b and c?
6
Suppose 0*l + 172 